alculate the highest common factor of 192 and 150.
6
Calculate the greatest common factor of 5988 and 17988.
12
What is the highest common divisor of 5958 and 423?
9
What is the highest common divisor of 12512 and 32?
32
Calculate the highest common divisor of 11844 and 13113.
423
Calculate the highest common divisor of 1047 and 727316.
349
What is the greatest common divisor of 473109 and 273?
273
Calculate the greatest common divisor of 609 and 1146138.
609
What is the highest common divisor of 495059 and 13717?
1247
Calculate the greatest common divisor of 18 and 155619.
9
Calculate the greatest common factor of 546 and 59150.
182
What is the greatest common divisor of 163358 and 286546?
2678
What is the greatest common divisor of 1005 and 2973?
3
Calculate the greatest common divisor of 14180 and 508.
4
What is the highest common factor of 14094 and 225?
9
Calculate the highest common divisor of 5502 and 8022.
42
What is the greatest common factor of 2106 and 650?
26
What is the highest common divisor of 2740 and 450?
10
What is the highest common divisor of 2350 and 58?
2
What is the greatest common factor of 1140 and 278160?
1140
What is the greatest common factor of 853768 and 64?
8
Calculate the highest common divisor of 475416 and 18414.
1674
What is the greatest common divisor of 25315 and 1525?
305
What is the greatest common factor of 589157 and 353?
353
Calculate the greatest common factor of 321 and 47829.
321
What is the greatest common factor of 19293 and 11859?
177
What is the highest common divisor of 11088 and 11781?
693
Calculate the highest common factor of 38016 and 896.
128
Calculate the greatest common factor of 589 and 392274.
589
Calculate the greatest common factor of 180 and 553536.
36
Calculate the greatest common factor of 72 and 11916.
36
What is the greatest common divisor of 920 and 1910380?
460
Calculate the highest common divisor of 10305 and 225.
45
Calculate the greatest common factor of 6232 and 27512.
152
What is the highest common divisor of 870 and 8805?
15
Calculate the greatest common factor of 77 and 7282.
11
Calculate the highest common divisor of 162 and 1008.
18
Calculate the highest common divisor of 11205 and 4185.
135
What is the greatest common divisor of 284885 and 681?
227
What is the greatest common factor of 11950 and 3950?
50
Calculate the highest common divisor of 17782 and 238.
34
What is the greatest common divisor of 38755 and 4044?
337
What is the greatest common factor of 106603 and 133?
7
Calculate the greatest common factor of 123 and 1459518.
123
Calculate the greatest common divisor of 1372096 and 704.
704
Calculate the greatest common divisor of 761274 and 18.
18
What is the greatest common factor of 5721328 and 32?
16
What is the highest common factor of 31798 and 89279?
1223
What is the greatest common factor of 458 and 74?
2
Calculate the highest common divisor of 300 and 24996.
12
Calculate the highest common divisor of 636 and 1428.
12
Calculate the highest common divisor of 141360 and 24.
24
What is the highest common divisor of 22275 and 363?
33
What is the highest common factor of 93423 and 2508?
627
Calculate the greatest common factor of 165325 and 11475.
425
Calculate the greatest common divisor of 6432 and 3072.
96
Calculate the greatest common factor of 25 and 4840.
5
Calculate the highest common factor of 22 and 204479.
11
What is the highest common divisor of 866 and 1062149?
433
What is the highest common factor of 762 and 646557?
381
What is the greatest common factor of 4508 and 12535?
23
Calculate the highest common divisor of 136269 and 567.
189
What is the highest common factor of 72563 and 447?
149
Calculate the greatest common divisor of 5295 and 154261.
353
Calculate the highest common divisor of 324 and 10674828.
324
Calculate the greatest common factor of 434510 and 30.
10
What is the greatest common factor of 12047 and 1337?
7
Calculate the highest common factor of 1500 and 118200.
300
What is the highest common factor of 2565 and 30?
15
Calculate the highest common factor of 88900 and 14700.
700
Calculate the highest common factor of 376280 and 40.
40
What is the greatest common divisor of 44739 and 27?
27
Calculate the greatest common divisor of 726674 and 11609.
247
Calculate the greatest common factor of 3825 and 11169.
153
What is the highest common factor of 2499 and 19635?
357
What is the highest common divisor of 3538 and 128222?
122
Calculate the greatest common divisor of 4224 and 45848.
88
Calculate the greatest common factor of 64938 and 137.
137
Calculate the highest common divisor of 126922 and 1768.
34
What is the highest common factor of 108020 and 16694?
982
Calculate the greatest common divisor of 531 and 3879.
9
Calculate the highest common divisor of 2183 and 48557.
59
Calculate the highest common factor of 54 and 109161.
27
What is the greatest common factor of 28725 and 150?
75
What is the highest common divisor of 54 and 13234833?
27
Calculate the highest common factor of 4741 and 176.
11
Calculate the greatest common divisor of 1403 and 15921.
61
Calculate the greatest common divisor of 44426 and 97.
97
Calculate the highest common factor of 64 and 1082.
2
Calculate the highest common divisor of 396 and 37576.
44
What is the highest common divisor of 742 and 1148?
14
What is the highest common divisor of 18576 and 731?
43
What is the highest common divisor of 390400 and 610?
610
What is the greatest common divisor of 2 and 24014?
2
What is the highest common divisor of 2 and 7573?
1
Calculate the highest common divisor of 43435 and 1428.
119
What is the greatest common divisor of 396 and 2596836?
132
What is the greatest common factor of 102 and 829617?
51
Calculate the highest common factor of 15865 and 152.
19
Calculate the highest common factor of 1193914 and 482.
482
What is the highest common divisor of 346064 and 2752?
688
What is the greatest common divisor of 32547 and 741?
57
Calculate the greatest common divisor of 79838 and 836.
418
What is the greatest common factor of 805647 and 85?
17
What is the greatest common divisor of 32878 and 408?
34
Calculate the greatest common divisor of 850 and 41150.
50
What is the highest common factor of 13801 and 1184?
37
What is the greatest common divisor of 2415 and 1030170?
345
What is the highest common factor of 1366 and 9781243?
683
What is the highest common factor of 3075 and 51045?
615
Calculate the highest common divisor of 47285 and 5243.
49
Calculate the greatest common factor of 21264 and 112.
16
What is the highest common factor of 255 and 4335?
255
What is the highest common factor of 52185 and 33015?
1065
Calculate the highest common divisor of 1 and 524355.
1
Calculate the greatest common divisor of 527 and 4681.
31
Calculate the highest common divisor of 26500 and 145000.
500
Calculate the greatest common divisor of 256466 and 4312.
98
What is the greatest common divisor of 657815 and 34?
17
Calculate the greatest common factor of 2024 and 4232.
184
What is the greatest common divisor of 3600 and 1257600?
1200
Calculate the highest common factor of 311530 and 10.
10
What is the greatest common factor of 70 and 242158?
14
Calculate the greatest common divisor of 186412 and 1624.
116
Calculate the highest common factor of 28 and 2452492.
28
What is the greatest common divisor of 5775 and 192900?
75
What is the highest common divisor of 396 and 269676?
396
Calculate the greatest common factor of 184 and 48808.
8
What is the greatest common divisor of 783 and 1808991?
261
What is the greatest common factor of 65 and 319696?
13
Calculate the greatest common factor of 228 and 116584.
76
What is the highest common divisor of 19905 and 1065?
15
What is the greatest common factor of 45 and 58305?
15
Calculate the highest common divisor of 2107363 and 857.
857
Calculate the greatest common factor of 4153250 and 1480.
370
What is the greatest common divisor of 960 and 3426720?
480
What is the greatest common factor of 10571 and 31?
31
What is the greatest common factor of 2416 and 944?
16
Calculate the highest common divisor of 19044 and 621.
207
What is the highest common divisor of 285 and 475?
95
Calculate the highest common divisor of 384 and 58416.
48
What is the g